 + 6941*i - 553. What is q(95)?
17
Let x(d) = 6*d**3 + 53*d**2 + 67*d + 191. Give x(-8).
-25
Let o(u) = 7*u**3 - 13*u**2 - 37*u - 213. Determine o(-5).
-1228
Let h(j) = -j**3 + 145*j**2 - 458*j + 4648. Determine h(142).
104
Let p(f) = f**3 + 36*f**2 - 3887*f - 128486. What is p(-32)?
-6
Let l(h) = -h**3 - 1834*h**2 - 14539*h + 551. Give l(-8).
-1
Let f(i) = -i**2 + 3239*i - 228029. Determine f(72).
-5
Let v(k) = 5833*k - 47186. What is v(8)?
-522
Let x(o) = -2*o**3 + 20*o**2 - 69*o + 885. What is x(11)?
-116
Let m(o) = 4*o**2 - 1234*o - 315077. What is m(-166)?
-9
Let i(c) = 219399*c - 4387968. Determine i(20).
12
Let o(u) = -62241*u - 124453. Calculate o(-2).
29
Let j(d) = 2*d**2 - 128*d - 3365. Calculate j(91).
1549
Let f(c) = -2*c**2 - 52*c + 749. Calculate f(12).
-163
Let s(n) = 17363*n - 52084. Calculate s(3).
5
Let j(m) = m**2 - 854*m + 147010. What is j(239)?
25
Let a(b) = -930*b - 92. Calculate a(-2).
1768
Let r(v) = 4*v**2 - 732*v + 14286. What is r(19)?
1822
Let p(b) = -20*b**3 + 3522*b**2 - 352*b + 48. Calculate p(176).
48
Let x(p) = 17*p**2 - 2679*p - 13807. Give x(-5).
13
Let f(t) = t**3 + 13*t**2 - 647*t + 3949. Calculate f(7).
400
Let h(z) = z**3 + 255*z**2 - 1824*z - 79. What is h(7)?
-9
Let n(g) = 31631*g - 316279. Give n(10).
31
Let j(o) = 25*o**2 - 885*o + 104. Give j(35).
-246
Let v(x) = -263063*x - 8154977. Calculate v(-31).
-24
Let x(d) = 3*d**3 - 60*d**2 + 162*d + 1453. What is x(13)?
10
Let i(u) = -67*u**2 + 10185*u - 125. What is i(152)?
27
Let k(w) = -1744*w**2 - 3493*w - 12. Determine k(-2).
-2
Let s(j) = -2712*j + 2767. What is s(1)?
55
Let f(z) = -13*z**3 - 496*z**2 - 61*z + 565. Give f(-38).
-5
Let s(b) = -22845*b + 15443212. Give s(676).
-8
Let j(o) = -2*o**2 - 64854*o + 1038151. Determine j(16).
-25
Let x(b) = -5*b**2 + 6812*b + 9. Determine x(0).
9
Let z(u) = 2*u**3 + 194*u**2 + 223*u + 2502. Give z(-96).
-474
Let s(p) = -p**3 - 345*p**2 + 10505*p - 204. Determine s(28).
1504
Let l(b) = b**3 + 60*b**2 + 333*b + 790. Calculate l(-54).
304
Let r(v) = -12*v**2 - 263*v - 36. Determine r(-26).
-1310
Let c(t) = 5*t**2 + 456*t + 5295. Calculate c(-12).
543
Let d(j) = -3361*j - 57245. Determine d(-17).
-108
Let q(n) = -21*n**2 - 1070*n + 11339. Calculate q(9).
8
Let g(b) = 6058*b + 514571. Give g(-85).
-359
Let y(a) = -a**3 - 119*a**2 - 608*a - 4394. Calculate y(-114).
-62
Let s(q) = 8177*q - 809516. What is s(99)?
7
Let a(h) = 1636*h - 615137. Calculate a(376).
-1
Let u(y) = -y**3 + 89*y**2 + 671*y - 59709. What is u(89)?
10
Let i(k) = -k**2 - 141*k - 2779. Determine i(-110).
631
Let d(q) = 1635*q - 39280. Give d(24).
-40
Let n(s) = 2182*s - 108549. What is n(49)?
-1631
Let r(q) = 10790*q - 64405. What is r(6)?
335
Let z(h) = h**2 - 24*h + 672. What is z(47)?
1753
Let m(v) = v**3 - 230*v**2 + 4224*v - 488. Determine m(20).
-8
Let u(n) = 929473*n - 1858970. What is u(2)?
-24
Let b(j) = -j**3 + 256*j**2 - 305*j + 12749. Calculate b(255).
-1
Let k(j) = -6544*j + 19577. Determine k(3).
-55
Let h(f) = f**3 - 88*f**2 + 286*f - 574. Determine h(85).
2061
Let s(r) = 850*r - 526. What is s(3)?
2024
Let i(d) = 2*d**3 + 276*d**2 - 353*d - 11366. What is i(-139)?
-941
Let f(c) = c**3 + 230*c**2 + 1993*c + 458375. What is f(-230)?
-15
Let x(r) = r**3 + 10*r**2 - 133*r - 1078. What is x(-14)?
0
Let i(p) = 12*p**2 - 146*p - 484. Give i(-4).
292
Let n(j) = -j**3 - 121*j**2 + 7465*j - 816. What is n(-166)?
14
Let g(s) = -11*s**2 - 11310*s + 265965. Give g(23).
16
Let h(l) = -l**3 - 218*l**2 - 2041*l - 33458. Give h(-209).
-18
Let i(h) = -h**3 - 467*h**2 + 18703*h - 2040. Calculate i(37).
-5
Let k(r) = 27*r - 3005. Calculate k(49).
-1682
Let t(w) = -3*w**2 + 6764*w - 689394. What is t(107)?
7
Let o(w) = w**3 + 11*w**2 - 222*w - 2465. Give o(-15).
-35
Let q(p) = -48397*p - 48. Determine q(0).
-48
Let g(y) = 986*y - 2263. What is g(2)?
-291
Let d(l) = -174*l + 27850. Determine d(160).
10
Let j(x) = -60*x**2 - 2155*x + 190. What is j(-36)?
10
Let i(g) = -g**2 - 12483*g + 1677935. Give i(133).
7
Let n(v) = -127*v**2 - 57*v + 188. Determine n(3).
-1126
Let q(z) = 7*z**3 + 141*z**2 + 107*z - 6483. Give q(-15).
12
Let i(d) = -2*d**3 - 44*d**2 - 1383*d - 10333. Give i(-9).
8
Let s(l) = -184181*l + 920850. What is s(5)?
-55
Let h(a) = -6*a**3 + 3*a**2 + 29*a + 6. Give h(-7).
2008
Let b(q) = -20315*q - 5038118. What is b(-248)?
2
Let p(i) = 5437*i - 799264. Calculate p(147).
-25
Let y(u) = 5*u**2 + 143*u + 196. What is y(-27)?
-20
Let i(j) = -3854*j + 100194. Determine i(26).
-10
Let z(b) = -53314*b + 373225. Give z(7).
27
Let m(d) = 10*d**2 + 2239*d - 59762. What is m(-248)?
6
Let i(g) = -223*g + 1353. Determine i(13).
-1546
Let a(v) = 4*v**2 - 421*v - 732. Determine a(107).
17
Let l(w) = 73*w**3 + 1284*w**2 - 1283*w - 2. Give l(1).
72
Let k(c) = c**3 + c**2 + 86*c - 764. Give k(9).
820
Let t(f) = 45*f**3 - 9*f**2 + 5*f + 2. Give t(1).
43
Let b(u) = 224*u - 20838. What is b(122)?
6490
Let t(g) = -154*g**2 + 2215*g - 6756. What is t(10)?
-6
Let c(u) = -1298*u**2 + 3894*u + 7. Calculate c(3).
7
Let q(l) = -l**3 - 192*l**2 - 1830*l - 108. Calculate q(-10).
-8
Let z(i) = -655*i + 6091. What is z(14)?
-3079
Let j(x) = -36088*x + 396986. Determine j(11).
18
Let d(r) = -5*r**2 - 193*r + 95748. Give d(-159).
30
Let g(o) = -85823*o - 600754. What is g(-7)?
7
Let x(a) = a**3 - 46*a**2 - 42*a + 1981. What is x(46)?
49
Let h(o) = o**3 + 14*o**2 - 17*o - 134. Give h(-15).
-104
Let f(u) = 12*u**3 - 89*u**2 - 11*u - 10. Determine f(0).
-10
Let m(n) = -136*n + 8514. Calculate m(56).
898
Let m(u) = -10*u**3 + 6*u**2 - 4148*u - 4155. Calculate m(-1).
9
Let p(a) = 9310*a + 37241. Give p(-4).
1
Let m(v) = -v**2 + 79149*v + 791684. What is m(-10)?
94
Let h(j) = -527778*j + 3694456. Give h(7).
10
Let g(r) = 8*r**2 - 18*r + 474. Determine g(-2).
542
Let q(b) = 2*b**3 + 10*b**2 - 409*b + 31. Determine q(11).
-596
Let o(d) = 394*d - 121. Calculate o(0).
-121
Let x(j) = 23*j**3 + 1781*j**2 + 767*j - 107. What is x(-77)?
124
Let a(u) = u**3 + 303*u**2 - 609*u + 292. Give a(-305).
-13
Let a(r) = 2848*r + 19775. What is a(-7)?
-161
Let x(j) = 581*j + 9539. Give x(-16).
243
Let d(o) = o**2 - 171*o + 1814. Give d(159).
-94
Let d(q) = -q**3 - 102*q**2 + 199*q - 686. Give d(-104).
250
Let g(a) = -4*a**2 + 3270*a + 4591827. What is g(-738)?
-9
Let d(y) = 1683*y**3 - 2*y**2 + 136*y - 135. What is d(1)?
1682
Let l(a) = -7*a**2 - 375*a + 3734. Calculate l(9).
-208
Let k(t) = -2534203*t - 17739421. Calculate k(-7).
0
Let o(y) = -y**3 + 14*y**2 + 61*y + 183. What is o(18)?
-15
Let n(c) = 12*c**3 - 6*c**2 + 2280*c + 4584. Calculate n(-2).
-96
Let k(r) = 91*r - 13835. Determine k(152).
-3
Let c(k) = 843*k + 48862. Calculate c(-58).
-32
Let a(h) = 13*h**2 - 1481*h - 75045. Calculate a(-38).
5
Let f(w) = 6*w**3 + 1124*w**2 - 49786*w - 604. What is f(37)?
-12
Let o(m) = m**2 - 9349*m + 112268. Give o(12).
224
Let r(t) = t**2 + 24*t - 627. Determine r(14).
-95
Let z(p) = p**2 - 7340*p - 250735. Calculate z(-34).
-19
Let s(f) = -f**3 - 13*f**2 - 7*f + 113. Determine s(-12).
53
Let w(n) = -n**3 - 27*n**2 - 179*n + 7. Give w(-15).
-8
Let a(q) = -q**2 - 309*q - 23157. What is a(-179)?
113
Let m(i) = 92977*i + 92982. Give m(-1).
5
Let c(w) = -49595*w + 148766. Determine c(3).
-19
Let q(j) = -2757*j + 967697. Give q(351).
-10
Let v(h) = 6*h**3 + 4*h**2 - 10*h + 5. Calculate v(2).
49
Let c(y) = 5170*y + 124488. Determine c(-24).
408
Let t(n) = 419*n + 42757. Determine t(-102).
19
Let n(j) = 83*j + 925. What is n(-11)?
12
Let u(w) = 4*w**2 + 201*w + 193. Determine u(-50).
143
Let o(t) = t**3 + 6*t**2 - 5175*t - 48. Calculate o(69).
-48
Let s(x) = 1385*x + 236939. Determine s(-171).
104
Let w(l) = -8417*l + 42010. What is w(5)?
-75
Let y(t) = -221739*t + 4656526. Give y(21).
7
Let s(b) = -1564*b - 2834. What is s(-2)?
294
Let o(g) = -20674*g - 268309. Give o(-13).
453
Let c(m) = -33*m**3 - 130*m**2 - 853*m - 3403. What is c(-4)?
41
Let q(v) = -5*v + 645. What is q(130)?
-5
Let z(d) = -d**3 - 25*d**2 - 158*d - 1554. Give z(-21).
0
Let w(x) = 2*x**3 + 376*x**2 - 337*x + 8067. What is w(-189)?
318
Let n(k) = -197*k**2 - 1192*k - 69. Calculate n(-6).
-9
Let s(g) = -2*g**3 + 238*g**2 - 696*g + 139. Calculate s(116).
139
Let l(v) = -v**2 + 32186*v - 193071. Give l(6).
9
Let s(k) = 51615*k + 1393601